{"id":2406,"date":"2026-08-13T18:48:22","date_gmt":"2026-08-13T16:48:22","guid":{"rendered":"https:\/\/www.arteinmovimento.dance\/?page_id=2406"},"modified":"2026-08-13T19:07:30","modified_gmt":"2026-08-13T17:07:30","slug":"elena-carraro","status":"publish","type":"page","link":"https:\/\/www.arteinmovimento.dance\/index.php\/associazionearteinmovimento\/insegnanti\/elena-carraro\/","title":{"rendered":"ELENA CARRARO"},"content":{"rendered":"<section class=\"wpb-content-wrapper\">[vc_row content_placement=&#8221;middle&#8221; curly_bg_repeat=&#8221;bg-repeat-x&#8221; curly_bg_position=&#8221;bg-pos-center-bottom&#8221; curly_padding=&#8221;content-padding-lg&#8221; css=&#8221;.vc_custom_1474744696716{background-color: #f7f6f6 !important;}&#8221;][vc_column width=&#8221;1\/3&#8243; offset=&#8221;vc_col-sm-offset-1&#8243;][vc_single_image image=&#8221;2379&#8243; img_size=&#8221;large&#8221; el_class=&#8221;img-frame-large&#8221;][\/vc_column][vc_column width=&#8221;1\/3&#8243; offset=&#8221;vc_col-sm-offset-1&#8243;][vc_column_text]\n<h2 class=\"special-title\"><strong>Elena Carraro<br \/>\n<\/strong>Insegnante di<small>Danzatricit\u00e0 &amp; Danza Creativa<\/small><\/h2>\n<p>Mi chiamo Elena Carraro e sono un&#8217;insegnante di Danzatricit\u00e0 e Danza Creativa, sono laureata in Scienze dell&#8217;Educazione e mi dedico soprattutto al mondo della prima infanzia e in particolare alla relazione tra bambino e genitore.<\/p>\n<p>Mi piace camminare nella natura e stare all&#8217;aria aperta.<\/p>\n<p>Il mio modo di vivere la danza nasce dall&#8217;idea che il movimento possa essere molto pi\u00f9 di una semplice attivit\u00e0. Il movimento pu\u00f2 diventare un&#8217;occasione per scoprire il proprio corpo, esprimersi, giocare e incontrare l&#8217;altro.[\/vc_column_text][vc_empty_space height=&#8221;16px&#8221;][vc_column_text]<a href='#' target='_self'  class=\"nice-scroll\" ><i class='far fa-fw fa-facebook fa-lg fa-boxed' style=''><\/i><\/a> <a href='#' target='_self'  class=\"nice-scroll\" ><i class='far fa-fw fa-twitter fa-lg fa-boxed' style=''><\/i><\/a>\u00a0<a href='#' target='_self'  class=\"nice-scroll\" ><i class='far fa-fw fa-instagram fa-lg fa-boxed' style=''><\/i><\/a>\u00a0<a href='#' target='_self'  class=\"nice-scroll\" ><i class='far fa-fw fa-pinterest fa-lg fa-boxed' style=''><\/i><\/a>[\/vc_column_text][\/vc_column][vc_column][\/vc_column][\/vc_row][vc_row curly_padding=&#8221;content-padding-lg&#8221; css=&#8221;.vc_custom_1474745430794{padding-bottom: 15rem !important;}&#8221;][vc_column][vc_column_text]\n<h3 data-section-id=\"1ukj3cb\" data-start=\"997\" data-end=\"1024\">Esperienza e formazione<\/h3>\n<p data-start=\"467\" data-end=\"627\">Ho studiato <strong data-start=\"479\" data-end=\"512\">danza classica fin da bambina <\/strong>e nel corso degli anni ho approfondito il rapporto tra <strong data-start=\"682\" data-end=\"726\">danza, movimento, educazione e relazione<\/strong>, formandomi come <strong data-start=\"744\" data-end=\"788\">danzeducatrice<\/strong>\u00a0con una preparazione specifica nella progettazione e conduzione di attivit\u00e0 di danza in ambito scolastico e sociale.<\/p>\n<p data-start=\"908\" data-end=\"1114\">Ho conseguito la <strong data-start=\"925\" data-end=\"1004\">Laurea in Scienze dell&#8217;Educazione presso l&#8217;Universit\u00e0 degli Studi di Padova<\/strong> e mi sono perfezionata come <strong data-start=\"1033\" data-end=\"1063\">educatrice pre e neonatale<\/strong>.<\/p>\n<p data-start=\"1116\" data-end=\"1275\">Ho inoltre conseguito la qualifica di <strong data-start=\"1154\" data-end=\"1196\">insegnante di massaggio infantile AIMI<\/strong> e ho approfondito la <strong data-start=\"1218\" data-end=\"1250\">danza creativa in gravidanza<\/strong>.<\/p>\n<p data-start=\"1277\" data-end=\"1537\">La mia formazione continua oggi con la <strong data-start=\"1316\" data-end=\"1332\">Danzatricit\u00e0<\/strong>, che ho approfondito nelle sue diverse applicazioni \u2014 dalla prima infanzia alla gravidanza, fino al lavoro con gli adulti \u2014 e con un percorso di <strong data-start=\"1478\" data-end=\"1514\">specializzazione in Danzaterapia<\/strong>, attualmente in corso.<\/p>\n<p data-start=\"1539\" data-end=\"1728\">Credo in una danza capace di accompagnare le persone nelle diverse fasi della vita, creando occasioni di <strong data-start=\"1644\" data-end=\"1727\">scoperta, espressione, relazione e benessere attraverso il corpo e il movimento<\/strong>.<\/p>\n<ul>\n<li><strong>Danza educativa<\/strong><\/li>\n<li><strong>Yoga in gravidanza<\/strong><\/li>\n<li><strong>Educazione perinatale<\/strong><\/li>\n<li><strong>Danzatricit\u00e0 \u2013 prima infanzia, in fiaba, in gravidanza e adulti<\/strong><\/li>\n<li><strong>Massaggio AIMI<\/strong><\/li>\n<li><strong>Formazione in corso in Danzaterapia<\/strong><\/li>\n<\/ul>\n[\/vc_column_text][vc_empty_space][vc_row_inner content_placement=&#8221;middle&#8221;][vc_column_inner width=&#8221;1\/2&#8243;]<div class='xtd-carousel-mini__container  '><div class='xtd-carousel-mini'><div class='owl-carousel' data-autoplay='true' data-timeout='2000' data-hover='false' data-loop='false' data-dots='true'>[vc_single_image image=&#8221;1906&#8243; img_size=&#8221;medium&#8221; onclick=&#8221;link_image&#8221;][vc_single_image image=&#8221;1904&#8243; img_size=&#8221;medium&#8221; onclick=&#8221;link_image&#8221;][vc_single_image image=&#8221;1903&#8243; img_size=&#8221;medium&#8221; onclick=&#8221;link_image&#8221;][vc_single_image image=&#8221;1905&#8243; img_size=&#8221;medium&#8221; onclick=&#8221;link_image&#8221;]<\/div><\/div><\/div>[\/vc_column_inner][vc_column_inner width=&#8221;1\/2&#8243;][vc_column_text]\n<p class=\"text-small\">To take a trivial example, which of us ever undertakes laborious physical exercise, except to obtain some advantage from it.<\/p>\n[\/vc_column_text][\/vc_column_inner][\/vc_row_inner][vc_empty_space][vc_column_text]\n<h3 class=\"PDq2pG_selectionAnchorContainer\" data-section-id=\"1hc6omn\" data-start=\"2047\" data-end=\"2082\">Movimento, relazione e scoperta<\/h3>\n<p data-start=\"2084\" data-end=\"2228\">Credo nel valore di creare <strong data-start=\"2111\" data-end=\"2159\">un tempo speciale da dedicare alla relazione<\/strong>, rispettando i tempi e le diverse tappe di crescita di ogni bambino.<\/p>\n<p data-start=\"2230\" data-end=\"2437\">Nelle mie proposte il corpo diventa uno strumento per conoscere, comunicare ed esprimersi. Il gioco, la musica e la creativit\u00e0 accompagnano ogni esperienza, lasciando spazio alla spontaneit\u00e0 e alla scoperta.<\/p>\n<p data-start=\"2439\" data-end=\"2555\">Perch\u00e9 anche un semplice movimento pu\u00f2 diventare una possibilit\u00e0 per <strong data-start=\"2508\" data-end=\"2554\">incontrarsi, ascoltarsi e crescere insieme<\/strong>.<\/p>\n<p>&nbsp;<\/p>\n<h2><strong>I MIEI CORSI<\/strong><\/h2>\n[\/vc_column_text][vc_row_inner content_placement=&#8221;middle&#8221; gap=&#8221;30&#8243;][vc_column_inner width=&#8221;1\/3&#8243;][vc_single_image image=&#8221;1820&#8243; img_size=&#8221;medium&#8221; style=&#8221;img-frame-small&#8221;][\/vc_column_inner][vc_column_inner width=&#8221;2\/3&#8243;][vc_column_text]\n<h3 class=\"PDq2pG_selectionAnchorContainer\" data-section-id=\"1cq5b7n\" data-start=\"1393\" data-end=\"1422\">Danzatricit\u00e0 \u00b7 18-36 mesi<\/h3>\n<p data-start=\"1424\" data-end=\"1606\">Un percorso pensato per i pi\u00f9 piccoli e per i loro genitori, dove <strong data-start=\"1490\" data-end=\"1536\">musica, danza, movimento, gioco e contatto<\/strong> diventano occasioni per esplorare il corpo, lo spazio e la relazione.<\/p>\n<p><a class=\"btn btn-sm btn-link\" href=\"http:\/\/demo.curlythemes.com\/pirouette\/classes\/salsa-and-merengue\/\">Know More<\/a>[\/vc_column_text][\/vc_column_inner][\/vc_row_inner][vc_row_inner content_placement=&#8221;middle&#8221; gap=&#8221;30&#8243;][vc_column_inner width=&#8221;1\/3&#8243;][vc_single_image image=&#8221;1820&#8243; img_size=&#8221;medium&#8221; style=&#8221;img-frame-small&#8221;][\/vc_column_inner][vc_column_inner width=&#8221;2\/3&#8243;][vc_column_text]\n<h3 class=\"PDq2pG_selectionAnchorContainer\" data-section-id=\"1tjsg9f\" data-start=\"1608\" data-end=\"1653\">Danza creativa \u00b7 3-5 anni con il genitore<\/h3>\n<p data-start=\"1655\" data-end=\"1746\">Un&#8217;esperienza da vivere insieme anche quando il bambino cresce e conquista nuove autonomie.<\/p>\n<p data-start=\"1748\" data-end=\"1916\">Attraverso <strong data-start=\"1759\" data-end=\"1820\">movimento, musica, gioco, stoffe, oggetti e immaginazione<\/strong>, genitore e bambino possono ritrovarsi e scoprire nuove possibilit\u00e0 di espressione e relazione.<\/p>\n<p data-start=\"1918\" data-end=\"2020\">Non servono passi da imparare e non \u00e8 necessario saper danzare: <strong data-start=\"1982\" data-end=\"2020\">\u00e8 un&#8217;esperienza da vivere insieme.<\/strong><\/p>\n<p data-start=\"1841\" data-end=\"2031\"><a class=\"btn btn-sm btn-link\" href=\"http:\/\/demo.curlythemes.com\/pirouette\/classes\/salsa-and-merengue\/\">Know More<\/a><\/p>\n[\/vc_column_text][\/vc_column_inner][\/vc_row_inner][vc_separator][vc_empty_space][vc_row_inner content_placement=&#8221;middle&#8221; gap=&#8221;30&#8243;][vc_column_inner width=&#8221;2\/3&#8243;][vc_column_text]\n<h3 data-section-id=\"19001ie\" data-start=\"2597\" data-end=\"2612\">COSA ASPETTARTI NELLE MIE LEZIONI<\/h3>\n<h4 class=\"PDq2pG_selectionAnchorContainer\" data-section-id=\"19001ie\" data-start=\"2597\" data-end=\"2612\">SCOPERTA<\/h4>\n<p data-start=\"2613\" data-end=\"2689\">Conoscere il proprio corpo e le proprie possibilit\u00e0 attraverso il movimento.<\/p>\n<h4 data-section-id=\"ufpur3\" data-start=\"2691\" data-end=\"2704\">MUSICA<\/h4>\n<p data-start=\"2705\" data-end=\"2766\">Ascoltare, giocare e lasciarsi guidare dal ritmo e dai suoni.<\/p>\n<h4 data-section-id=\"1prblu0\" data-start=\"2768\" data-end=\"2784\">RELAZIONE<\/h4>\n<p data-start=\"2785\" data-end=\"2845\">Creare un tempo speciale di incontro tra bambino e genitore.<\/p>\n<h4 data-section-id=\"mhjsi5\" data-start=\"2847\" data-end=\"2863\">CREATIVIT\u00c0<\/h4>\n<p data-start=\"2864\" data-end=\"2935\">Esplorare attraverso il gioco, l&#8217;immaginazione e la libera espressione.<\/p>\n[\/vc_column_text][\/vc_column_inner][vc_column_inner width=&#8221;1\/3&#8243;][vc_single_image image=&#8221;1821&#8243; img_size=&#8221;medium&#8221; style=&#8221;img-frame-small&#8221;][\/vc_column_inner][\/vc_row_inner][\/vc_column][\/vc_row][vc_row full_width=&#8221;stretch_row_content_no_spaces&#8221; curly_padding=&#8221;content-padding-none&#8221; css=&#8221;.vc_custom_1471445746929{background-color: #656565 !important;}&#8221; curly_parallax_parent=&#8221;true&#8221; el_class=&#8221;parallax-visible&#8221; curly_section_title=&#8221;Gallery&#8221; curly_section_color=&#8221;rgba(255,255,255,0.44)&#8221;][vc_column css=&#8221;.vc_custom_1470068083577{margin-top: -5.1875rem !important;}&#8221; curly_parallax_parent=&#8221;true&#8221;]<div class='xtd-carousel-filmstrip__container xtd-carousel-filmstrip--offset-  filtered-image  '><div class='xtd-carousel-filmstrip' data-speed='150000'>[vc_single_image image=&#8221;1877&#8243; img_size=&#8221;large&#8221; onclick=&#8221;link_image&#8221; el_class=&#8221;test&#8221;][vc_single_image image=&#8221;1934&#8243; img_size=&#8221;large&#8221; onclick=&#8221;link_image&#8221;][vc_single_image image=&#8221;1875&#8243; img_size=&#8221;large&#8221; onclick=&#8221;link_image&#8221;][vc_single_image image=&#8221;1879&#8243; img_size=&#8221;large&#8221;][vc_single_image image=&#8221;1874&#8243; img_size=&#8221;large&#8221;][vc_single_image img_size=&#8221;large&#8221; onclick=&#8221;link_image&#8221;][vc_single_image image=&#8221;1880&#8243; img_size=&#8221;large&#8221;][vc_single_image image=&#8221;1881&#8243; img_size=&#8221;large&#8221; onclick=&#8221;link_image&#8221;]<\/div><\/div>[vc_empty_space height=&#8221;8rem&#8221;][\/vc_column][\/vc_row]\n<\/section>","protected":false},"excerpt":{"rendered":"<p>[vc_row content_placement=&#8221;middle&#8221; curly_bg_repeat=&#8221;bg-repeat-x&#8221; curly_bg_position=&#8221;bg-pos-center-bottom&#8221; curly_padding=&#8221;content-padding-lg&#8221; css=&#8221;.vc_custom_1474744696716{background-color: #f7f6f6 !important;}&#8221;][vc_column width=&#8221;1\/3&#8243; offset=&#8221;vc_col-sm-offset-1&#8243;][vc_single_image image=&#8221;2379&#8243; img_size=&#8221;large&#8221; el_class=&#8221;img-frame-large&#8221;][\/vc_column][vc_column width=&#8221;1\/3&#8243; offset=&#8221;vc_col-sm-offset-1&#8243;][vc_column_text] Elena Carraro Insegnante diDanzatricit\u00e0 &amp; Danza Creativa Mi chiamo Elena Carraro e sono un&#8217;insegnante di Danzatricit\u00e0 e Danza Creativa, sono laureata in Scienze dell&#8217;Educazione e mi dedico soprattutto al mondo della prima infanzia e in particolare alla relazione tra bambino e genitore. Mi piace camminare [&hellip;]<\/p>\n","protected":false},"author":2,"featured_media":0,"parent":1740,"menu_order":0,"comment_status":"closed","ping_status":"closed","template":"","meta":{"footnotes":""},"class_list":["post-2406","page","type-page","status-publish","hentry"],"_links":{"self":[{"href":"https:\/\/www.arteinmovimento.dance\/index.php\/wp-json\/wp\/v2\/pages\/2406","targetHints":{"allow":["GET"]}}],"collection":[{"href":"https:\/\/www.arteinmovimento.dance\/index.php\/wp-json\/wp\/v2\/pages"}],"about":[{"href":"https:\/\/www.arteinmovimento.dance\/index.php\/wp-json\/wp\/v2\/types\/page"}],"author":[{"embeddable":true,"href":"https:\/\/www.arteinmovimento.dance\/index.php\/wp-json\/wp\/v2\/users\/2"}],"replies":[{"embeddable":true,"href":"https:\/\/www.arteinmovimento.dance\/index.php\/wp-json\/wp\/v2\/comments?post=2406"}],"version-history":[{"count":4,"href":"https:\/\/www.arteinmovimento.dance\/index.php\/wp-json\/wp\/v2\/pages\/2406\/revisions"}],"predecessor-version":[{"id":2416,"href":"https:\/\/www.arteinmovimento.dance\/index.php\/wp-json\/wp\/v2\/pages\/2406\/revisions\/2416"}],"up":[{"embeddable":true,"href":"https:\/\/www.arteinmovimento.dance\/index.php\/wp-json\/wp\/v2\/pages\/1740"}],"wp:attachment":[{"href":"https:\/\/www.arteinmovimento.dance\/index.php\/wp-json\/wp\/v2\/media?parent=2406"}],"curies":[{"name":"wp","href":"https:\/\/api.w.org\/{rel}","templated":true}]}}

<section class="wpb-content-wrapper">[vc_row content_placement=&#8221;middle&#8221; curly_bg_repeat=&#8221;bg-repeat-x&#8221; curly_bg_position=&#8221;bg-pos-center-bottom&#8221; curly_padding=&#8221;content-padding-lg&#8221; css=&#8221;.vc_custom_1474744696716{background-color: #f7f6f6 !important;}&#8221;][vc_column width=&#8221;1/3&#8243; offset=&#8221;vc_col-sm-offset-1&#8243;][vc_single_image image=&#8221;2379&#8243; img_size=&#8221;large&#8221; el_class=&#8221;img-frame-large&#8221;][/vc_column][vc_column width=&#8221;1/3&#8243; offset=&#8221;vc_col-sm-offset-1&#8243;][vc_column_text]
<h2 class="special-title"><strong>Elena Carraro<br />
</strong>Insegnante di<small>Danzatricità &amp; Danza Creativa</small></h2>
<p>Mi chiamo Elena Carraro e sono un&#8217;insegnante di Danzatricità e Danza Creativa, sono laureata in Scienze dell&#8217;Educazione e mi dedico soprattutto al mondo della prima infanzia e in particolare alla relazione tra bambino e genitore.</p>
<p>Mi piace camminare nella natura e stare all&#8217;aria aperta.</p>
<p>Il mio modo di vivere la danza nasce dall&#8217;idea che il movimento possa essere molto più di una semplice attività. Il movimento può diventare un&#8217;occasione per scoprire il proprio corpo, esprimersi, giocare e incontrare l&#8217;altro.[/vc_column_text][vc_empty_space height=&#8221;16px&#8221;][vc_column_text]<a href='#' target='_self'  class="nice-scroll" ><i class='far fa-fw fa-facebook fa-lg fa-boxed' style=''></i></a> <a href='#' target='_self'  class="nice-scroll" ><i class='far fa-fw fa-twitter fa-lg fa-boxed' style=''></i></a> <a href='#' target='_self'  class="nice-scroll" ><i class='far fa-fw fa-instagram fa-lg fa-boxed' style=''></i></a> <a href='#' target='_self'  class="nice-scroll" ><i class='far fa-fw fa-pinterest fa-lg fa-boxed' style=''></i></a>[/vc_column_text][/vc_column][vc_column][/vc_column][/vc_row][vc_row curly_padding=&#8221;content-padding-lg&#8221; css=&#8221;.vc_custom_1474745430794{padding-bottom: 15rem !important;}&#8221;][vc_column][vc_column_text]
<h3 data-section-id="1ukj3cb" data-start="997" data-end="1024">Esperienza e formazione</h3>
<p data-start="467" data-end="627">Ho studiato <strong data-start="479" data-end="512">danza classica fin da bambina </strong>e nel corso degli anni ho approfondito il rapporto tra <strong data-start="682" data-end="726">danza, movimento, educazione e relazione</strong>, formandomi come <strong data-start="744" data-end="788">danzeducatrice</strong> con una preparazione specifica nella progettazione e conduzione di attività di danza in ambito scolastico e sociale.</p>
<p data-start="908" data-end="1114">Ho conseguito la <strong data-start="925" data-end="1004">Laurea in Scienze dell&#8217;Educazione presso l&#8217;Università degli Studi di Padova</strong> e mi sono perfezionata come <strong data-start="1033" data-end="1063">educatrice pre e neonatale</strong>.</p>
<p data-start="1116" data-end="1275">Ho inoltre conseguito la qualifica di <strong data-start="1154" data-end="1196">insegnante di massaggio infantile AIMI</strong> e ho approfondito la <strong data-start="1218" data-end="1250">danza creativa in gravidanza</strong>.</p>
<p data-start="1277" data-end="1537">La mia formazione continua oggi con la <strong data-start="1316" data-end="1332">Danzatricità</strong>, che ho approfondito nelle sue diverse applicazioni — dalla prima infanzia alla gravidanza, fino al lavoro con gli adulti — e con un percorso di <strong data-start="1478" data-end="1514">specializzazione in Danzaterapia</strong>, attualmente in corso.</p>
<p data-start="1539" data-end="1728">Credo in una danza capace di accompagnare le persone nelle diverse fasi della vita, creando occasioni di <strong data-start="1644" data-end="1727">scoperta, espressione, relazione e benessere attraverso il corpo e il movimento</strong>.</p>
<ul>
<li><strong>Danza educativa</strong></li>
<li><strong>Yoga in gravidanza</strong></li>
<li><strong>Educazione perinatale</strong></li>
<li><strong>Danzatricità – prima infanzia, in fiaba, in gravidanza e adulti</strong></li>
<li><strong>Massaggio AIMI</strong></li>
<li><strong>Formazione in corso in Danzaterapia</strong></li>
</ul>
[/vc_column_text][vc_empty_space][vc_row_inner content_placement=&#8221;middle&#8221;][vc_column_inner width=&#8221;1/2&#8243;]<div class='xtd-carousel-mini__container  '><div class='xtd-carousel-mini'><div class='owl-carousel' data-autoplay='true' data-timeout='2000' data-hover='false' data-loop='false' data-dots='true'>[vc_single_image image=&#8221;1906&#8243; img_size=&#8221;medium&#8221; onclick=&#8221;link_image&#8221;][vc_single_image image=&#8221;1904&#8243; img_size=&#8221;medium&#8221; onclick=&#8221;link_image&#8221;][vc_single_image image=&#8221;1903&#8243; img_size=&#8221;medium&#8221; onclick=&#8221;link_image&#8221;][vc_single_image image=&#8221;1905&#8243; img_size=&#8221;medium&#8221; onclick=&#8221;link_image&#8221;]</div></div></div>[/vc_column_inner][vc_column_inner width=&#8221;1/2&#8243;][vc_column_text]
<p class="text-small">To take a trivial example, which of us ever undertakes laborious physical exercise, except to obtain some advantage from it.</p>
[/vc_column_text][/vc_column_inner][/vc_row_inner][vc_empty_space][vc_column_text]
<h3 class="PDq2pG_selectionAnchorContainer" data-section-id="1hc6omn" data-start="2047" data-end="2082">Movimento, relazione e scoperta</h3>
<p data-start="2084" data-end="2228">Credo nel valore di creare <strong data-start="2111" data-end="2159">un tempo speciale da dedicare alla relazione</strong>, rispettando i tempi e le diverse tappe di crescita di ogni bambino.</p>
<p data-start="2230" data-end="2437">Nelle mie proposte il corpo diventa uno strumento per conoscere, comunicare ed esprimersi. Il gioco, la musica e la creatività accompagnano ogni esperienza, lasciando spazio alla spontaneità e alla scoperta.</p>
<p data-start="2439" data-end="2555">Perché anche un semplice movimento può diventare una possibilità per <strong data-start="2508" data-end="2554">incontrarsi, ascoltarsi e crescere insieme</strong>.</p>
<p>&nbsp;</p>
<h2><strong>I MIEI CORSI</strong></h2>
[/vc_column_text][vc_row_inner content_placement=&#8221;middle&#8221; gap=&#8221;30&#8243;][vc_column_inner width=&#8221;1/3&#8243;][vc_single_image image=&#8221;1820&#8243; img_size=&#8221;medium&#8221; style=&#8221;img-frame-small&#8221;][/vc_column_inner][vc_column_inner width=&#8221;2/3&#8243;][vc_column_text]
<h3 class="PDq2pG_selectionAnchorContainer" data-section-id="1cq5b7n" data-start="1393" data-end="1422">Danzatricità · 18-36 mesi</h3>
<p data-start="1424" data-end="1606">Un percorso pensato per i più piccoli e per i loro genitori, dove <strong data-start="1490" data-end="1536">musica, danza, movimento, gioco e contatto</strong> diventano occasioni per esplorare il corpo, lo spazio e la relazione.</p>
<p><a class="btn btn-sm btn-link" href="http://demo.curlythemes.com/pirouette/classes/salsa-and-merengue/">Know More</a>[/vc_column_text][/vc_column_inner][/vc_row_inner][vc_row_inner content_placement=&#8221;middle&#8221; gap=&#8221;30&#8243;][vc_column_inner width=&#8221;1/3&#8243;][vc_single_image image=&#8221;1820&#8243; img_size=&#8221;medium&#8221; style=&#8221;img-frame-small&#8221;][/vc_column_inner][vc_column_inner width=&#8221;2/3&#8243;][vc_column_text]
<h3 class="PDq2pG_selectionAnchorContainer" data-section-id="1tjsg9f" data-start="1608" data-end="1653">Danza creativa · 3-5 anni con il genitore</h3>
<p data-start="1655" data-end="1746">Un&#8217;esperienza da vivere insieme anche quando il bambino cresce e conquista nuove autonomie.</p>
<p data-start="1748" data-end="1916">Attraverso <strong data-start="1759" data-end="1820">movimento, musica, gioco, stoffe, oggetti e immaginazione</strong>, genitore e bambino possono ritrovarsi e scoprire nuove possibilità di espressione e relazione.</p>
<p data-start="1918" data-end="2020">Non servono passi da imparare e non è necessario saper danzare: <strong data-start="1982" data-end="2020">è un&#8217;esperienza da vivere insieme.</strong></p>
<p data-start="1841" data-end="2031"><a class="btn btn-sm btn-link" href="http://demo.curlythemes.com/pirouette/classes/salsa-and-merengue/">Know More</a></p>
[/vc_column_text][/vc_column_inner][/vc_row_inner][vc_separator][vc_empty_space][vc_row_inner content_placement=&#8221;middle&#8221; gap=&#8221;30&#8243;][vc_column_inner width=&#8221;2/3&#8243;][vc_column_text]
<h3 data-section-id="19001ie" data-start="2597" data-end="2612">COSA ASPETTARTI NELLE MIE LEZIONI</h3>
<h4 class="PDq2pG_selectionAnchorContainer" data-section-id="19001ie" data-start="2597" data-end="2612">SCOPERTA</h4>
<p data-start="2613" data-end="2689">Conoscere il proprio corpo e le proprie possibilità attraverso il movimento.</p>
<h4 data-section-id="ufpur3" data-start="2691" data-end="2704">MUSICA</h4>
<p data-start="2705" data-end="2766">Ascoltare, giocare e lasciarsi guidare dal ritmo e dai suoni.</p>
<h4 data-section-id="1prblu0" data-start="2768" data-end="2784">RELAZIONE</h4>
<p data-start="2785" data-end="2845">Creare un tempo speciale di incontro tra bambino e genitore.</p>
<h4 data-section-id="mhjsi5" data-start="2847" data-end="2863">CREATIVITÀ</h4>
<p data-start="2864" data-end="2935">Esplorare attraverso il gioco, l&#8217;immaginazione e la libera espressione.</p>
[/vc_column_text][/vc_column_inner][vc_column_inner width=&#8221;1/3&#8243;][vc_single_image image=&#8221;1821&#8243; img_size=&#8221;medium&#8221; style=&#8221;img-frame-small&#8221;][/vc_column_inner][/vc_row_inner][/vc_column][/vc_row][vc_row full_width=&#8221;stretch_row_content_no_spaces&#8221; curly_padding=&#8221;content-padding-none&#8221; css=&#8221;.vc_custom_1471445746929{background-color: #656565 !important;}&#8221; curly_parallax_parent=&#8221;true&#8221; el_class=&#8221;parallax-visible&#8221; curly_section_title=&#8221;Gallery&#8221; curly_section_color=&#8221;rgba(255,255,255,0.44)&#8221;][vc_column css=&#8221;.vc_custom_1470068083577{margin-top: -5.1875rem !important;}&#8221; curly_parallax_parent=&#8221;true&#8221;]<div class='xtd-carousel-filmstrip__container xtd-carousel-filmstrip--offset-  filtered-image  '><div class='xtd-carousel-filmstrip' data-speed='150000'>[vc_single_image image=&#8221;1877&#8243; img_size=&#8221;large&#8221; onclick=&#8221;link_image&#8221; el_class=&#8221;test&#8221;][vc_single_image image=&#8221;1934&#8243; img_size=&#8221;large&#8221; onclick=&#8221;link_image&#8221;][vc_single_image image=&#8221;1875&#8243; img_size=&#8221;large&#8221; onclick=&#8221;link_image&#8221;][vc_single_image image=&#8221;1879&#8243; img_size=&#8221;large&#8221;][vc_single_image image=&#8221;1874&#8243; img_size=&#8221;large&#8221;][vc_single_image img_size=&#8221;large&#8221; onclick=&#8221;link_image&#8221;][vc_single_image image=&#8221;1880&#8243; img_size=&#8221;large&#8221;][vc_single_image image=&#8221;1881&#8243; img_size=&#8221;large&#8221; onclick=&#8221;link_image&#8221;]</div></div>[vc_empty_space height=&#8221;8rem&#8221;][/vc_column][/vc_row]
</section>

<p>[vc_row content_placement=&#8221;middle&#8221; curly_bg_repeat=&#8221;bg-repeat-x&#8221; curly_bg_position=&#8221;bg-pos-center-bottom&#8221; curly_padding=&#8221;content-padding-lg&#8221; css=&#8221;.vc_custom_1474744696716{background-color: #f7f6f6 !important;}&#8221;][vc_column width=&#8221;1/3&#8243; offset=&#8221;vc_col-sm-offset-1&#8243;][vc_single_image image=&#8221;2379&#8243; img_size=&#8221;large&#8221; el_class=&#8221;img-frame-large&#8221;][/vc_column][vc_column width=&#8221;1/3&#8243; offset=&#8221;vc_col-sm-offset-1&#8243;][vc_column_text] Elena Carraro Insegnante diDanzatricità &amp; Danza Creativa Mi chiamo Elena Carraro e sono un&#8217;insegnante di Danzatricità e Danza Creativa, sono laureata in Scienze dell&#8217;Educazione e mi dedico soprattutto al mondo della prima infanzia e in particolare alla relazione tra bambino e genitore. Mi piace camminare [&hellip;]</p>
